ndreds digit of 16700124?
1
What is the ten millions digit of 1254879031?
5
What is the hundreds digit of 181031579?
5
What is the ten thousands digit of 6001394325?
9
What is the millions digit of 134129333?
4
What is the thousands digit of 373134923?
4
What is the ten thousands digit of 3388961338?
6
What is the hundred thousands digit of 990992083?
9
What is the units digit of 43566822?
2
What is the millions digit of 587541954?
7
What is the tens digit of 40944171?
7
What is the millions digit of 2951686860?
1
What is the millions digit of 41140349?
1
What is the hundreds digit of 87501980?
9
What is the ten millions digit of 156325634?
5
What is the hundreds digit of 148065999?
9
What is the ten millions digit of 2913200339?
1
What is the millions digit of 43114337?
3
What is the ten thousands digit of 126813490?
1
What is the tens digit of 2145316229?
2
What is the units digit of 266651555?
5
What is the ten thousands digit of 2012514484?
1
What is the ten millions digit of 331190611?
3
What is the thousands digit of 44560868?
0
What is the units digit of 169258323?
3
What is the units digit of 189535486?
6
What is the ten thousands digit of 152020936?
2
What is the billions digit of 1868290022?
1
What is the units digit of 866206583?
3
What is the hundred thousands digit of 6005919896?
9
What is the hundred millions digit of 972219001?
9
What is the thousands digit of 346256935?
6
What is the thousands digit of 1077250714?
0
What is the hundred millions digit of 1104589073?
1
What is the thousands digit of 190224346?
4
What is the millions digit of 303856352?
3
What is the hundred thousands digit of 51781389?
7
What is the hundred thousands digit of 208247732?
2
What is the units digit of 726151628?
8
What is the tens digit of 2582869484?
8
What is the units digit of 422309919?
9
What is the hundreds digit of 5710610593?
5
What is the ten thousands digit of 671025877?
2
What is the hundred millions digit of 881151193?
8
What is the ten thousands digit of 819426350?
2
What is the hundreds digit of 515669263?
2
What is the tens digit of 6204794581?
8
What is the hundreds digit of 273280311?
3
What is the millions digit of 54507098?
4
What is the tens digit of 83734515?
1
What is the hundreds digit of 760019029?
0
What is the millions digit of 311005289?
1
What is the hundred thousands digit of 1782517138?
5
What is the thousands digit of 61417738?
7
What is the units digit of 48188998?
8
What is the thousands digit of 306289690?
9
What is the ten thousands digit of 856407861?
0
What is the hundred thousands digit of 3855039536?
0
What is the hundreds digit of 1092074866?
8
What is the units digit of 3117360205?
5
What is the thousands digit of 10148331?
8
What is the tens digit of 1215496823?
2
What is the hundreds digit of 82557354?
3
What is the thousands digit of 97732433?
2
What is the hundreds digit of 2410837166?
1
What is the thousands digit of 341735688?
5
What is the ten thousands digit of 680203739?
0
What is the thousands digit of 563101036?
1
What is the hundred thousands digit of 120249417?
2
What is the ten millions digit of 730145145?
3
What is the thousands digit of 57887768?
7
What is the ten thousands digit of 69438113?
3
What is the millions digit of 113469829?
3
What is the units digit of 1252592231?
1
What is the hundred thousands digit of 479870492?
8
What is the millions digit of 48723128?
8
What is the ten thousands digit of 14720875?
2
What is the ten thousands digit of 1616518254?
1
What is the thousands digit of 1861432451?
2
What is the tens digit of 119075199?
9
What is the units digit of 1561624467?
7
What is the millions digit of 170535078?
0
What is the ten thousands digit of 186536587?
3
What is the tens digit of 70585957?
5
What is the hundred thousands digit of 6645181711?
1
What is the hundred thousands digit of 124218813?
2
What is the hundred thousands digit of 381312979?
3
What is the units digit of 654301835?
5
What is the tens digit of 9629837?
3
What is the ten thousands digit of 54743815?
4
What is the ten thousands digit of 26479503?
7
What is the hundreds digit of 596210216?
2
What is the thousands digit of 29240020?
0
What is the millions digit of 12326015?
2
What is the hundred millions digit of 2262586354?
2
What is the units digit of 299534306?
6
What is the units digit of 5186794666?
6
What is the units digit of 597957172?
2
What is the ten thousands digit of 75971690?
7
What is the ten millions digit of 46247153?
4
What is the thousands digit of 897788049?
8
What is the units digit of 662452175?
5
What is the hundred millions digit of 191812264?
1
What is the units digit of 5667914?
4
What is the thousands digit of 280898643?
8
What is the ten thousands digit of 155339111?
3
What is the ten millions digit of 965198522?
6
What is the hundred thousands digit of 72455190?
4
What is the hundred thousands digit of 65078962?
0
What is the hundred millions digit of 342575294?
3
What is the tens digit of 76409029?
2
What is the hundreds digit of 1296461595?
5
What is the hundreds digit of 247638475?
4
What is the hundreds digit of 3982580903?
9
What is the ten millions digit of 247841570?
4
What is the tens digit of 88589535?
3
What is the billions digit of 1953546910?
1
What is the hundred thousands digit of 12483582?
4
What is the millions digit of 1107588271?
7
What is the ten thousands digit of 1800563256?
6
What is the thousands digit of 9172676?
2
What is the units digit of 129983379?
9
What is the tens digit of 2494784155?
5
What is the billions digit of 3260205670?
3
What is the hundred thousands digit of 60232997?
2
What is the billions digit of 1605188790?
1
What is the tens digit of 55322031?
3
What is the thousands digit of 1499014405?
4
What is the tens digit of 44712303?
0
What is the hundred thousands digit of 268108815?
1
What is the ten millions digit of 52625919?
5
What is the tens digit of 694149719?
1
What is the hundreds digit of 110726938?
9
What is the millions digit of 12501116?
2
What is the thousands digit of 14656973?
6
What is the units digit of 490257088?
8
What is the ten millions digit of 63162244?
6
What is the billions digit of 1271297362?
1
What is the units digit of 1066929107?
7
What is the tens digit of 86722955?
5
What is the ten thousands digit of 2015144845?
4
What is the thousands digit of 50866716?
6
What is the thousands digit of 252485558?
5
What is the millions digit of 1822642705?
2
What is the tens digit of 17699530?
3
What is the ten millions digit of 18216926?
1
What is the ten millions digit of 623717231?
2
What is the millions digit of 265742488?
5
What is the millions digit of 189378087?
9
What is the ten thousands digit of 1881711825?
1
What is the units digit of 391820669?
9
What is the ten thousands digit of 70086882?
8
What is the hundreds digit of 421612658?
6
What is the thousands digit of 263237271?
7
What is the hundreds digit of 898125222?
2
What is the ten millions digit of 256109321?
5
What is the thousands digit of 70979547?
9
What is the ten millions digit of 132145470?
3
What is the thousands digit of 381884237?
4
What is the ten millions digit of 60141954?
6
What is the millions digit of 6428149?
6
What is the ten thousands digit of 10714951?
1
What is the thousands digit of 581124488?
4
What is the units digit of 59524?
4
What is the ten thousands digit of 4507863430?
6
What is the tens digit of 78097898?
9
What is the millions digit of 18942423?
8
What is the tens digit of 348743601?
0
What is the hundred millions digit of 265582543?
2
What is the units digit of 124558355?
5
What is the ten thousands digit of 972375498?
7
What is the hundreds digit of 58273?
2
What is the units digit of 472766614?
4
What is the thousands digit of 7816988?
6
What is the tens digit of 66875214?
1
What is the millions digit of 614074588?
4
What is the ten millions digit of 5033011291?
3
What is the hundred millions digit of 3130766757?
1
What is the hundred millions digit of 747889808?
7
What is the tens digit of 2624172673?
7
What is the ten thousands digit of 141097344?
9
What is the units digit of 189293132?
2
What is the hundred thousands digit of 37035974?
0
What is the hundred millions digit of 164460845?
1
What is the ten millions digit